{"id":1746,"date":"2019-06-05T15:09:35","date_gmt":"2019-06-05T13:09:35","guid":{"rendered":"http:\/\/www.isidorolab.com\/public\/?page_id=1746"},"modified":"2022-03-15T12:32:59","modified_gmt":"2022-03-15T11:32:59","slug":"scienza-divulgativa","status":"publish","type":"page","link":"http:\/\/www.isidorolab.com\/public\/index.php\/scienza-divulgativa\/","title":{"rendered":"Scienza Divulgativa"},"content":{"rendered":"\t\t<div data-elementor-type=\"wp-page\" data-elementor-id=\"1746\" class=\"elementor elementor-1746\">\n\t\t\t\t\t\t<section class=\"elementor-section elementor-top-section elementor-element elementor-element-6e56edd5 elementor-section-stretched elementor-section-boxed elementor-section-height-default elementor-section-height-default\" data-id=\"6e56edd5\" data-element_type=\"section\" data-settings=\"{&quot;stretch_section&quot;:&quot;section-stretched&quot;}\">\n\t\t\t\t\t\t<div class=\"elementor-container elementor-column-gap-narrow\">\n\t\t\t\t\t<div class=\"elementor-column elementor-col-100 elementor-top-column elementor-element elementor-element-123b32d8\" data-id=\"123b32d8\" data-element_type=\"column\">\n\t\t\t<div class=\"elementor-widget-wrap elementor-element-populated\">\n\t\t\t\t\t\t<section class=\"elementor-section elementor-inner-section elementor-element elementor-element-f8345cb elementor-section-boxed elementor-section-height-default elementor-section-height-default\" data-id=\"f8345cb\" data-element_type=\"section\">\n\t\t\t\t\t\t<div class=\"elementor-container elementor-column-gap-default\">\n\t\t\t\t\t<div class=\"elementor-column elementor-col-50 elementor-inner-column elementor-element elementor-element-38a7109\" data-id=\"38a7109\" data-element_type=\"column\">\n\t\t\t<div class=\"elementor-widget-wrap elementor-element-populated\">\n\t\t\t\t\t\t<div class=\"elementor-element elementor-element-0cd6345 elementor-widget elementor-widget-image\" data-id=\"0cd6345\" data-element_type=\"widget\" data-widget_type=\"image.default\">\n\t\t\t\t\t\t\t\t\t\t\t\t\t\t\t<img fetchpriority=\"high\" decoding=\"async\" width=\"706\" height=\"1024\" src=\"http:\/\/www.isidorolab.com\/public\/wp-content\/uploads\/2021\/09\/Libro-il-Suicidio-706x1024.jpg\" class=\"attachment-large size-large wp-image-2594\" alt=\"\" srcset=\"http:\/\/www.isidorolab.com\/public\/wp-content\/uploads\/2021\/09\/Libro-il-Suicidio-706x1024.jpg 706w, http:\/\/www.isidorolab.com\/public\/wp-content\/uploads\/2021\/09\/Libro-il-Suicidio-207x300.jpg 207w, http:\/\/www.isidorolab.com\/public\/wp-content\/uploads\/2021\/09\/Libro-il-Suicidio-768x1114.jpg 768w, http:\/\/www.isidorolab.com\/public\/wp-content\/uploads\/2021\/09\/Libro-il-Suicidio.jpg 1000w\" sizes=\"(max-width: 706px) 100vw, 706px\" \/>\t\t\t\t\t\t\t\t\t\t\t\t\t\t\t<\/div>\n\t\t\t\t\t<\/div>\n\t\t<\/div>\n\t\t\t\t<div class=\"elementor-column elementor-col-50 elementor-inner-column elementor-element elementor-element-d5b4080\" data-id=\"d5b4080\" data-element_type=\"column\">\n\t\t\t<div class=\"elementor-widget-wrap elementor-element-populated\">\n\t\t\t\t\t\t<div class=\"elementor-element elementor-element-b009cb5 elementor-widget elementor-widget-text-editor\" data-id=\"b009cb5\" data-element_type=\"widget\" data-widget_type=\"text-editor.default\">\n\t\t\t\t\t\t\t\t\t<p>Sotto l&#8217;impatto della performativit\u00e0 sempre rinnovata delle scienze sperimentali sul vivente, si sta ricomponendo la questione metafisica della &#8220;fine&#8221; che la filosofia profana aveva elaborato nella seconda parte del settecento in Europa. La nuova questione di cui testimonia il suicidio \u00e8 quella della ricomposizione di questa filosofia della &#8220;fine&#8221;, ricomposizione che ritroviamo nelle scienze della natura o nelle scienze sociali. Sempre formulata come una questione di &#8220;etica&#8221;, la questione per\u00f2 che si pone e che rinnova, anzi trasforma, le riflessioni relative al suicidio, attiene alla questione metafisica, cio\u00e8 alla questione della verit\u00e0 e del tempo. Infatti, se dei contrasti etici appaiono quando viene introdotta la questione della &#8220;fine&#8221; (vita) \u00e8 perch\u00e9 questa &#8220;fine&#8221; diviene incerta, ambigua, oscura, particolarit\u00e0 di cui testimonia in tutta chiarezza e senza nessun&#8217;ambiguit\u00e0 il linguaggio. Posso dire che ci troviamo ancora in un mondo vecchio, quello della filosofia profana del tempo, voglio dire nella filosofia della &#8220;fine&#8221; intesa come un tempo, ma che siamo anche gi\u00e0 in un mondo nuovo, quello della filosofia dell&#8217;infinita fine. Sempre presentato, spiegato, come il conflitto primario tra trascendenza religiosa e trascendenza profana, non riusciamo a percepire il mutamento metodologico che attraversa le nostre conoscenze, sempre sotto l&#8217;impatto delle scienze sperimentali sul vivente, e ci\u00f2 a prescindere dalle credenze varie.<\/p>\t\t\t\t\t\t\t\t<\/div>\n\t\t\t\t\t<\/div>\n\t\t<\/div>\n\t\t\t\t\t<\/div>\n\t\t<\/section>\n\t\t\t\t<div class=\"elementor-element elementor-element-7853629 elementor-widget elementor-widget-spacer\" data-id=\"7853629\" data-element_type=\"widget\" data-widget_type=\"spacer.default\">\n\t\t\t\t\t\t\t<div class=\"elementor-spacer\">\n\t\t\t<div class=\"elementor-spacer-inner\"><\/div>\n\t\t<\/div>\n\t\t\t\t\t\t<\/div>\n\t\t\t\t<div class=\"elementor-element elementor-element-e3b184b elementor-align-center elementor-widget elementor-widget-elementskit-button\" data-id=\"e3b184b\" data-element_type=\"widget\" data-widget_type=\"elementskit-button.default\">\n\t\t\t\t\t<div class=\"ekit-wid-con\" >\t\t<div class=\"ekit-btn-wraper\">\n\t\t\t\t\t\t\t<a href=\"http:\/\/www.isidorolab.com\/public\/wp-content\/uploads\/2022\/03\/Quando-Come-e-Perche-muoiono-le-cellule-versione-integrale.pdf\" target=\"_blank\" class=\"elementskit-btn  whitespace--normal\" id=\"\">\n\t\t\t\t\tIl libro: Il suicidio - Come, Quando e Perch\u00e9 muoiono le cellule (pdf)\t\t\t\t<\/a>\n\t\t\t\t\t<\/div>\n        <\/div>\t\t\t\t<\/div>\n\t\t\t\t<div class=\"elementor-element elementor-element-d38a125 elementor-widget elementor-widget-spacer\" data-id=\"d38a125\" data-element_type=\"widget\" data-widget_type=\"spacer.default\">\n\t\t\t\t\t\t\t<div class=\"elementor-spacer\">\n\t\t\t<div class=\"elementor-spacer-inner\"><\/div>\n\t\t<\/div>\n\t\t\t\t\t\t<\/div>\n\t\t\t\t<div class=\"elementor-element elementor-element-54cd234f elementor-widget elementor-widget-text-editor\" data-id=\"54cd234f\" data-element_type=\"widget\" data-widget_type=\"text-editor.default\">\n\t\t\t\t\t\t\t\t\t<ul><li><span style=\"color: #000080;\"><strong>Dal 2016 al 2019: <\/strong><\/span>Membro della Commissione Scientifica giudicatrice per il Premio Divulgazione Scientifica dell\u2019Associazione Italiana del Libro;<\/li><\/ul><p>\u00a0<\/p><ul><li><strong><span style=\"color: #000080;\">16 Aprile 2018:<\/span> <\/strong>Seminario divulgativo al Rotary Club di Moncalieri, su invito del Presidente Prof. Aldo Masoero. <a href=\"http:\/\/moncalieri.rotary2031.it\/notizie\" target=\"_blank\" rel=\"noopener\">http:\/\/moncalieri.rotary2031.it\/notizie<\/a>\u00a0<\/li><\/ul><p>\u00a0<\/p><ul><li><strong><span style=\"color: #000080;\">Da Marzo 2016:<\/span><\/strong> il Prof. Ciro Isidoro \u00e8 membro del comitato editoriale scientifico, Area Scienze della Vita e della Salute(sezione Medicina), della rivista di divulgazione scientifica Scienze e Ricerche <a href=\"http:\/\/www.scienze-ricerche.it\/\" target=\"_blank\" rel=\"noopener\">http:\/\/www.scienze-ricerche.it\/<\/a>;<\/li><\/ul><p>\u00a0<\/p><ul><li>Pubblicato il saggio divulgativo &#8220;Cellule che si suicidano: come, quando e perch\u00e8&#8221; nel libro IL SUICIDIO (Autori Vari, a cura di Patrick Neirot), G. Giappichelli Editore &#8211; Torino;<\/li><\/ul><p>\u00a0<\/p><ul><li><span style=\"color: #000080;\"><strong>Aprile-Dicembre 2015:<\/strong> <\/span>Membro della Commissione Scientifica giudicatrice per il Premio Divulgazione Scientifica dell\u2019Associazione Italiana del Libro;<\/li><\/ul><p>\u00a0<\/p><ul><li><strong><span style=\"color: #000080;\">Nel 2013:<\/span><\/strong> Articolo-intervista sul Radon \u201cUn killer dentro casa\u201d (in collaborazione con Giorgio Giorgetti), rivista mensile \u201cCome Stai?\u201d, Aprile 2013, pagg 84-87;<\/li><\/ul>\t\t\t\t\t\t\t\t<\/div>\n\t\t\t\t\t<\/div>\n\t\t<\/div>\n\t\t\t\t\t<\/div>\n\t\t<\/section>\n\t\t\t\t<\/div>\n\t\t<div style='text-align:center' class='yasr-auto-insert-visitor'><!--Yasr Visitor Votes Shortcode--><div id='yasr_visitor_votes_649c03f2f26eb' class='yasr-visitor-votes'><div class=\"yasr-custom-text-vv-before yasr-custom-text-vv-before-1746\">Clicca per votare questo articolo!<\/div><div id='yasr-vv-second-row-container-649c03f2f26eb'\r\n                                        class='yasr-vv-second-row-container'><div id='yasr-visitor-votes-rater-649c03f2f26eb'\r\n                                      class='yasr-rater-stars-vv'\r\n                                      data-rater-postid='1746'\r\n                                      data-rating='0'\r\n                                      data-rater-starsize='32'\r\n                                      data-rater-readonly='false'\r\n                                      data-rater-nonce='13d27f6159'\r\n                                      data-issingular='false'\r\n                                    ><\/div><div class=\"yasr-vv-stats-text-container\" id=\"yasr-vv-stats-text-container-649c03f2f26eb\"><svg xmlns=\"https:\/\/www.w3.org\/2000\/svg\" width=\"20\" height=\"20\"\r\n                                   class=\"yasr-dashicons-visitor-stats\"\r\n                                   data-postid=\"1746\"\r\n                                   id=\"yasr-stats-dashicon-649c03f2f26eb\">\r\n                                   <path d=\"M18 18v-16h-4v16h4zM12 18v-11h-4v11h4zM6 18v-8h-4v8h4z\"><\/path>\r\n                               <\/svg><span id=\"yasr-vv-text-container-649c03f2f26eb\" class=\"yasr-vv-text-container\">[Total: <span id=\"yasr-vv-votes-number-container-649c03f2f26eb\">0<\/span>  Average: <span id=\"yasr-vv-average-container-649c03f2f26eb\">0<\/span>]<\/span><\/div><div id='yasr-vv-loader-649c03f2f26eb' class='yasr-vv-container-loader'><\/div><\/div><div id='yasr-vv-bottom-container-649c03f2f26eb' class='yasr-vv-bottom-container'><\/div><\/div><!--End Yasr Visitor Votes Shortcode--><\/div>","protected":false},"excerpt":{"rendered":"<p>Sotto l&#8217;impatto della performativit\u00e0 sempre rinnovata delle scienze sperimentali sul vivente, si sta ricomponendo la questione metafisica della &#8220;fine&#8221; che la filosofia profana aveva elaborato nella seconda parte del settecento in Europa. La nuova questione di cui testimonia il suicidio \u00e8 quella della ricomposizione di questa filosofia della &#8220;fine&#8221;, ricomposizione che ritroviamo nelle scienze della&hellip;<\/p>\n","protected":false},"author":1,"featured_media":0,"parent":0,"menu_order":0,"comment_status":"closed","ping_status":"closed","template":"","meta":{"yasr_overall_rating":0,"yasr_post_is_review":"","yasr_auto_insert_disabled":"","yasr_review_type":"","footnotes":""},"class_list":["post-1746","page","type-page","status-publish","hentry"],"yoast_head":"<!-- This site is optimized with the Yoast SEO plugin v26.8 - https:\/\/yoast.com\/product\/yoast-seo-wordpress\/ -->\r\n<title>Scienza Divulgativa - IsidoroLab<\/title>\r\n<meta name=\"robots\" content=\"index, follow, max-snippet:-1, max-image-preview:large, max-video-preview:-1\" \/>\r\n<link rel=\"canonical\" href=\"http:\/\/www.isidorolab.com\/public\/index.php\/scienza-divulgativa\/\" \/>\r\n<meta property=\"og:locale\" content=\"it_IT\" \/>\r\n<meta property=\"og:type\" content=\"article\" \/>\r\n<meta property=\"og:title\" content=\"Scienza Divulgativa - IsidoroLab\" \/>\r\n<meta property=\"og:description\" content=\"Sotto l&#8217;impatto della performativit\u00e0 sempre rinnovata delle scienze sperimentali sul vivente, si sta ricomponendo la questione metafisica della &#8220;fine&#8221; che la filosofia profana aveva elaborato nella seconda parte del settecento in Europa. La nuova questione di cui testimonia il suicidio \u00e8 quella della ricomposizione di questa filosofia della &#8220;fine&#8221;, ricomposizione che ritroviamo nelle scienze della&hellip;\" \/>\r\n<meta property=\"og:url\" content=\"http:\/\/www.isidorolab.com\/public\/index.php\/scienza-divulgativa\/\" \/>\r\n<meta property=\"og:site_name\" content=\"IsidoroLab\" \/>\r\n<meta property=\"article:modified_time\" content=\"2022-03-15T11:32:59+00:00\" \/>\r\n<meta property=\"og:image\" content=\"http:\/\/www.isidorolab.com\/public\/wp-content\/uploads\/2021\/09\/Libro-il-Suicidio-706x1024.jpg\" \/>\r\n<meta name=\"twitter:card\" content=\"summary_large_image\" \/>\r\n<meta name=\"twitter:label1\" content=\"Tempo di lettura stimato\" \/>\n\t<meta name=\"twitter:data1\" content=\"2 minuti\" \/>\r\n<script type=\"application\/ld+json\" class=\"yoast-schema-graph\">{\"@context\":\"https:\/\/schema.org\",\"@graph\":[{\"@type\":\"WebPage\",\"@id\":\"http:\/\/www.isidorolab.com\/public\/index.php\/scienza-divulgativa\/\",\"url\":\"http:\/\/www.isidorolab.com\/public\/index.php\/scienza-divulgativa\/\",\"name\":\"Scienza Divulgativa - IsidoroLab\",\"isPartOf\":{\"@id\":\"http:\/\/www.isidorolab.com\/public\/#website\"},\"primaryImageOfPage\":{\"@id\":\"http:\/\/www.isidorolab.com\/public\/index.php\/scienza-divulgativa\/#primaryimage\"},\"image\":{\"@id\":\"http:\/\/www.isidorolab.com\/public\/index.php\/scienza-divulgativa\/#primaryimage\"},\"thumbnailUrl\":\"http:\/\/www.isidorolab.com\/public\/wp-content\/uploads\/2021\/09\/Libro-il-Suicidio-706x1024.jpg\",\"datePublished\":\"2019-06-05T13:09:35+00:00\",\"dateModified\":\"2022-03-15T11:32:59+00:00\",\"breadcrumb\":{\"@id\":\"http:\/\/www.isidorolab.com\/public\/index.php\/scienza-divulgativa\/#breadcrumb\"},\"inLanguage\":\"it-IT\",\"potentialAction\":[{\"@type\":\"ReadAction\",\"target\":[\"http:\/\/www.isidorolab.com\/public\/index.php\/scienza-divulgativa\/\"]}]},{\"@type\":\"ImageObject\",\"inLanguage\":\"it-IT\",\"@id\":\"http:\/\/www.isidorolab.com\/public\/index.php\/scienza-divulgativa\/#primaryimage\",\"url\":\"http:\/\/www.isidorolab.com\/public\/wp-content\/uploads\/2021\/09\/Libro-il-Suicidio.jpg\",\"contentUrl\":\"http:\/\/www.isidorolab.com\/public\/wp-content\/uploads\/2021\/09\/Libro-il-Suicidio.jpg\",\"width\":1000,\"height\":1450},{\"@type\":\"BreadcrumbList\",\"@id\":\"http:\/\/www.isidorolab.com\/public\/index.php\/scienza-divulgativa\/#breadcrumb\",\"itemListElement\":[{\"@type\":\"ListItem\",\"position\":1,\"name\":\"Home\",\"item\":\"http:\/\/www.isidorolab.com\/public\/\"},{\"@type\":\"ListItem\",\"position\":2,\"name\":\"Scienza Divulgativa\"}]},{\"@type\":\"WebSite\",\"@id\":\"http:\/\/www.isidorolab.com\/public\/#website\",\"url\":\"http:\/\/www.isidorolab.com\/public\/\",\"name\":\"IsidoroLab\",\"description\":\"\",\"potentialAction\":[{\"@type\":\"SearchAction\",\"target\":{\"@type\":\"EntryPoint\",\"urlTemplate\":\"http:\/\/www.isidorolab.com\/public\/?s={search_term_string}\"},\"query-input\":{\"@type\":\"PropertyValueSpecification\",\"valueRequired\":true,\"valueName\":\"search_term_string\"}}],\"inLanguage\":\"it-IT\"},false]}<\/script>\r\n<!-- \/ Yoast SEO plugin. -->","yoast_head_json":{"title":"Scienza Divulgativa - IsidoroLab","robots":{"index":"index","follow":"follow","max-snippet":"max-snippet:-1","max-image-preview":"max-image-preview:large","max-video-preview":"max-video-preview:-1"},"canonical":"http:\/\/www.isidorolab.com\/public\/index.php\/scienza-divulgativa\/","og_locale":"it_IT","og_type":"article","og_title":"Scienza Divulgativa - IsidoroLab","og_description":"Sotto l&#8217;impatto della performativit\u00e0 sempre rinnovata delle scienze sperimentali sul vivente, si sta ricomponendo la questione metafisica della &#8220;fine&#8221; che la filosofia profana aveva elaborato nella seconda parte del settecento in Europa. La nuova questione di cui testimonia il suicidio \u00e8 quella della ricomposizione di questa filosofia della &#8220;fine&#8221;, ricomposizione che ritroviamo nelle scienze della&hellip;","og_url":"http:\/\/www.isidorolab.com\/public\/index.php\/scienza-divulgativa\/","og_site_name":"IsidoroLab","article_modified_time":"2022-03-15T11:32:59+00:00","og_image":[{"url":"http:\/\/www.isidorolab.com\/public\/wp-content\/uploads\/2021\/09\/Libro-il-Suicidio-706x1024.jpg","type":"","width":"","height":""}],"twitter_card":"summary_large_image","twitter_misc":{"Tempo di lettura stimato":"2 minuti"},"schema":{"@context":"https:\/\/schema.org","@graph":[{"@type":"WebPage","@id":"http:\/\/www.isidorolab.com\/public\/index.php\/scienza-divulgativa\/","url":"http:\/\/www.isidorolab.com\/public\/index.php\/scienza-divulgativa\/","name":"Scienza Divulgativa - IsidoroLab","isPartOf":{"@id":"http:\/\/www.isidorolab.com\/public\/#website"},"primaryImageOfPage":{"@id":"http:\/\/www.isidorolab.com\/public\/index.php\/scienza-divulgativa\/#primaryimage"},"image":{"@id":"http:\/\/www.isidorolab.com\/public\/index.php\/scienza-divulgativa\/#primaryimage"},"thumbnailUrl":"http:\/\/www.isidorolab.com\/public\/wp-content\/uploads\/2021\/09\/Libro-il-Suicidio-706x1024.jpg","datePublished":"2019-06-05T13:09:35+00:00","dateModified":"2022-03-15T11:32:59+00:00","breadcrumb":{"@id":"http:\/\/www.isidorolab.com\/public\/index.php\/scienza-divulgativa\/#breadcrumb"},"inLanguage":"it-IT","potentialAction":[{"@type":"ReadAction","target":["http:\/\/www.isidorolab.com\/public\/index.php\/scienza-divulgativa\/"]}]},{"@type":"ImageObject","inLanguage":"it-IT","@id":"http:\/\/www.isidorolab.com\/public\/index.php\/scienza-divulgativa\/#primaryimage","url":"http:\/\/www.isidorolab.com\/public\/wp-content\/uploads\/2021\/09\/Libro-il-Suicidio.jpg","contentUrl":"http:\/\/www.isidorolab.com\/public\/wp-content\/uploads\/2021\/09\/Libro-il-Suicidio.jpg","width":1000,"height":1450},{"@type":"BreadcrumbList","@id":"http:\/\/www.isidorolab.com\/public\/index.php\/scienza-divulgativa\/#breadcrumb","itemListElement":[{"@type":"ListItem","position":1,"name":"Home","item":"http:\/\/www.isidorolab.com\/public\/"},{"@type":"ListItem","position":2,"name":"Scienza Divulgativa"}]},{"@type":"WebSite","@id":"http:\/\/www.isidorolab.com\/public\/#website","url":"http:\/\/www.isidorolab.com\/public\/","name":"IsidoroLab","description":"","potentialAction":[{"@type":"SearchAction","target":{"@type":"EntryPoint","urlTemplate":"http:\/\/www.isidorolab.com\/public\/?s={search_term_string}"},"query-input":{"@type":"PropertyValueSpecification","valueRequired":true,"valueName":"search_term_string"}}],"inLanguage":"it-IT"},false]}},"yasr_visitor_votes":{"stars_attributes":{"read_only":false,"span_bottom":false},"number_of_votes":0,"sum_votes":0},"_links":{"self":[{"href":"http:\/\/www.isidorolab.com\/public\/index.php\/wp-json\/wp\/v2\/pages\/1746","targetHints":{"allow":["GET"]}}],"collection":[{"href":"http:\/\/www.isidorolab.com\/public\/index.php\/wp-json\/wp\/v2\/pages"}],"about":[{"href":"http:\/\/www.isidorolab.com\/public\/index.php\/wp-json\/wp\/v2\/types\/page"}],"author":[{"embeddable":true,"href":"http:\/\/www.isidorolab.com\/public\/index.php\/wp-json\/wp\/v2\/users\/1"}],"replies":[{"embeddable":true,"href":"http:\/\/www.isidorolab.com\/public\/index.php\/wp-json\/wp\/v2\/comments?post=1746"}],"version-history":[{"count":33,"href":"http:\/\/www.isidorolab.com\/public\/index.php\/wp-json\/wp\/v2\/pages\/1746\/revisions"}],"predecessor-version":[{"id":3028,"href":"http:\/\/www.isidorolab.com\/public\/index.php\/wp-json\/wp\/v2\/pages\/1746\/revisions\/3028"}],"wp:attachment":[{"href":"http:\/\/www.isidorolab.com\/public\/index.php\/wp-json\/wp\/v2\/media?parent=1746"}],"curies":[{"name":"wp","href":"https:\/\/api.w.org\/{rel}","templated":true}]}}